umber?
True
Let z(j) = -2184*j - 41. Let m(y) = y - 6. Let o be m(4). Is z(o) a composite number?
False
Let d = -9812 - -18463. Is d a prime number?
False
Let u = 293767 - 93018. Is u a prime number?
False
Suppose -v + 3007 = 197. Let g be ((-6)/9)/((-408)/(-108) - 4). Suppose -m + 4*y - v = -g*m, 5*m = -4*y + 7007. Is m composite?
False
Is -37987*((-11)/11)/(-4 - -5) prime?
True
Let c be -4*(0 + 1) + -27. Let f = -27 - c. Suppose 0 = -3*t + 5*v + 2090, v - 1393 = -2*t + f*v. Is t a composite number?
True
Suppose 3*i - 2294252 = -4*w, -4*i + 292884 = 3*w - 1427791. Is w prime?
True
Suppose -8*l = 37787 + 51189. Let y = -5565 - l. Is y a prime number?
True
Suppose 4*n + 3*d - 3 = 4*d, 4*n + 2 = 2*d. Suppose n*c - 17*c + 114285 = 0. Is c composite?
True
Let m be (-5)/(-15)*(-2 - -2). Suppose 4*h = 5*n - m + 10, n + 5*h - 27 = 0. Suppose 8*v - n*v - 4134 = 0. Is v a composite number?
True
Let y = -216 + -260. Suppose t - 1384 = -1. Let r = t + y. Is r a composite number?
False
Is (1/(-3))/(6/(-9)*68/30463592) composite?
True
Let x be 1108516/92 + 2/(-23). Suppose -13*m = -x + 414. Is m a prime number?
False
Let d(q) = 278*q - 41. Let h(g) = g**2 + 3*g - 8. Let k be h(-5). Suppose -f = 3*m - 16, -k*m + m = -5*f. Is d(m) a composite number?
True
Let o(i) = -5*i - 11. Let r be o(-2). Is r*7 + (590 - 10) composite?
True
Let k(a) = -119*a**3 + 21 - 3 + 0*a + 41*a**2 - 47*a**2 + 4*a. Is k(-4) a prime number?
False
Suppose -6*d + 1013775 + 2286759 = 0. Suppose -170069 = 20*w - d. Is w a prime number?
True
Suppose 0 = -210*j + 202*j + 32. Suppose -3*f + p + 2521 = 0, -j*f = f - 2*p - 4201. Is f composite?
True
Let f be 23 + -18 - (-3)/(-1). Is 2*(5/f - 3)*-911 a prime number?
True
Suppose 0 = -5*z + 6 - 11. Let q(i) = i - 1. Let k(l) = 29*l - 32. Let s(h) = z*k(h) - 2*q(h). Is s(-7) prime?
True
Suppose -2*c - 10 = 3*c, 4*c = h - 2239. Let l = h - 1056. Suppose -y = 4*y - l. Is y a composite number?
True
Suppose 2*w - 5*t = 32 + 38, 5*w + 3*t - 144 = 0. Suppose 60*f + w = 55*f. Is (-10 - -6*(-3)/f)*-11 composite?
True
Let n(p) = -62*p**3 + 94*p**2 + 9*p + 26. Is n(-23) composite?
True
Let w be (-4775)/(-3) + (-2)/(-6). Let a = 3314 - w. Is ((-2)/3)/(5 - a/342) a prime number?
True
Let z be (-224793)/(-36) + 3/(-12). Suppose 0*d + z = 4*d. Suppose t - d = -0*t. Is t composite?
True
Let l be 5304/117*(2 - 0 - 374). Let t = l + 27726. Is t prime?
False
Let a = -6028 + 26511. Is a composite?
False
Let v = -171 - -172. Is v*(-5)/(-20)*316 prime?
True
Suppose 0 = 9*v - 180689 - 511798. Is v prime?
True
Let s = -69 + 109. Is (20/s)/(1885/(-1886) - -1) a composite number?
True
Let q(r) be the third derivative of 11*r**4/3 + 23*r**3/6 + 36*r**2. Is q(6) a prime number?
False
Let n(q) = -174*q - 13. Let i(g) = -g**2 - 5*g + 3. Let l be i(2). Is n(l) composite?
False
Suppose 5*q + 2*y - 1372 = 33953, 0 = -5*y. Is (q/10 - -2)/(5/10) composite?
True
Suppose 0 = 5*y + h - 278307, -4*y - 3*h + 20512 = -202138. Is y prime?
True
Let h = 18 - 27. Let y(w) = -3*w**3 - 2*w**2 + 21*w + 11. Is y(h) prime?
True
Let n(x) = x**3 - 28*x**2 + 17*x + 12. Let j be n(23). Let t = j + 3459. Is t a prime number?
True
Suppose 0 = -0*f + 19*f + 60686. Let s = -31 + 67. Is (f/(-3))/(24/s) a prime number?
True
Let q(r) be the first derivative of -198*r**2 - 323*r - 149. Is q(-53) a prime number?
False
Let g = 47 + -32. Suppose -28314 = 27*i - 28314. Suppose -3*h = -g, -5581 = -4*c - i*c + 3*h. Is c composite?
False
Let m(p) = -2*p - 18. Let u be m(-9). Suppose 9*g - 23020 = -g. Suppose 2*l + u*s = -2*s + g, -4604 = -4*l - 2*s. Is l a composite number?
False
Suppose 3*h + 232 - 982 = 0. Let t = 1392 + h. Is t a prime number?
False
Is (-17256775)/(-20) + -3 - 4 - 5/(-4) a prime number?
False
Let f = -53 - -86. Suppose 12*a + 3 = -f. Is (-9471)/a - 5/(5/2) prime?
False
Let w(p) = -3*p - 10. Let l = -19 - -15. Let t be w(l). Suppose -c + t*c + 3*u - 152 = 0, -c + 150 = 5*u. Is c a composite number?
True
Suppose -2*y + 0*h = -2*h - 20, -4*h = 20. Suppose -y*r + 5639 = -5*g + 1459, -2*r - 4*g = -1690. Is r a prime number?
True
Suppose -9*k + 22*k = 6*k + 1046563. Is k a composite number?
True
Suppose 4*s - 7360 - 436 = 0. Let h = 3388 - s. Is h a prime number?
True
Suppose 0 = -18*l + 17*l + 1218. Let y = l - 169. Is y a prime number?
True
Let j = -41 - 10. Let s = j - -55. Suppose v = -s*i + 1080, 0*i - 530 = -2*i + 2*v. Is i a prime number?
True
Let x(i) = i**2 + i - 2. Let u(t) = -861*t**2 + 12*t - 54. Let c(w) = -u(w) - 5*x(w). Is c(3) a composite number?
False
Let u be -2 + (-7)/(14/(-18)). Suppose -3*p - b - b = -u, p - 1 = -2*b. Suppose 0 = -i + p, 5*i + 4843 = -3*v + 5*v. Is v prime?
False
Let h be ((-21)/2 - (-1 - 1))*-2. Let f(m) = 16*m + 9*m**3 - h - m**3 + 0*m**3 - 5*m**3 + 47*m**2. Is f(-14) prime?
True
Is (-36238)/(-2)*(207 - 200) composite?
True
Let x be (-1)/(8/(52 + 4)). Let c(y) = 25*y**2 - 9*y + 3*y**2 + 10*y - 4. Is c(x) a prime number?
True
Let g be (99/(-66))/(1/(-2)). Suppose 10*v + 3 = 11*v. Suppose c + t = 516, v*c - 6*t + g*t - 1578 = 0. Is c a prime number?
True
Suppose -5*x + 0*x + 565265 + 624380 = 0. Is x prime?
True
Let s(v) = 24*v**2 - 2*v + 175. Is s(7) a composite number?
True
Let p(z) = -10835*z - 161. Is p(-14) composite?
True
Suppose 0 = 3*t + 5*f - 5, -2*f = 5*t + f - 19. Suppose -366 = -t*h + 2*n + 555, 0 = -4*h + n + 738. Is h a composite number?
True
Is (-26)/(-4) - 20894210/(-580) a composite number?
True
Let u(t) be the first derivative of -899*t**4/4 - 4*t**3/3 - 3*t**2/2 - 7*t + 113. Is u(-3) a prime number?
True
Let n(k) = -15*k + 93. Let v be n(6). Let w(c) = 91*c**3 + 2*c**2 + 9*c - 25. Is w(v) a composite number?
False
Suppose -15 = -3*q - v, 4*q + 3*v + 6 - 31 = 0. Suppose 0 = q*c - c, -3*s + 4*c + 7707 = 0. Is s prime?
False
Let r = -21 - -29. Suppose 4*n + 11 + 7 = 2*k, -2*k = n - r. Suppose 5*b + 2*i = 9733, 0 = -k*b - 4*i + 12637 - 2896. Is b a prime number?
False
Is (-10 - 644/(-69))*(-87114)/4 composite?
False
Let b be (153/(-6))/(27/(-6462)). Let u = b - 1782. Is u prime?
False
Suppose -3*h - 3 = 15. Let i be (-5)/((-5)/2) - (h - -6). Suppose -341 - 417 = -i*p. Is p a composite number?
False
Let d(a) = -3009*a**3 + 11*a**2 - 5*a + 41. Is d(-6) a composite number?
True
Let o be 4/(-8) + 15/6. Suppose 0 = 2*j + 4*u - 739 - 3355, -2*u + 4100 = o*j. Is j composite?
False
Suppose -g - 3 + 32 = 2*z, -5*g - 5*z + 135 = 0. Let t be 275 + (-4)/(20/g). Let a = -155 + t. Is a composite?
True
Suppose w - 5274 = 2*x + 7817, 3*x = -6. Is w a prime number?
False
Let b = 62 - 58. Suppose b - 10 = -m. Suppose -m*g + 2*g - 3*t + 2689 = 0, 4*t - 2688 = -4*g. Is g a composite number?
False
Suppose 4*t - 4*y + 8 = 0, 5*y - 7 = -2*t + 3. Suppose t = -5*f + 61 - 36. Suppose -4*b = l - 693, -f*b = -2*l + 1250 + 162. Is l prime?
True
Let o(z) = -31*z + 3. Let f be o(-3). Let m = 100 - f. Suppose -3*x - 6032 = -4*q - 2*x, 6012 = 4*q + m*x. Is q a prime number?
False
Suppose 0 = -3*a + 3, 0 = -12*v + 11*v + 2*a + 51990. Let n = v + -36591. Is n composite?
False
Let m = 90 - 88. Suppose -5*q + 4 = -m*s + 20, -4*q - 10 = -3*s. Is (-4747)/q - ((-3)/12 + 0) a composite number?
False
Is 7287445/20 + 6/8 a prime number?
True
Let c(h) = -2*h**2 + 5*h + 13. Let q be c(0). Suppose 0 = q*m - 18131 - 26498. Is m a prime number?
True
Let s(r) = 726*r - 223. Suppose 110 = -16*w + 734. Is s(w) prime?
False
Let b = 2 + 1. Suppose 0 = 2*k + k - b*f - 4545, 3*k - 2*f = 4546. Suppose 2*p - j = -6*j + 1532, -2*p + k = -3*j. Is p a composite number?
False
Let p = -3166 - -1295. Let z = -1120 - p. Is z a composite number?
False
Let h(k) = 2*k**2 - 1 + 3 + 5 - 8*k - 9 - 178*k**3. Is h(-3) a prime number?
False
Let h = 28562 - -145329. Is h composite?
False
Let x be (-8)/(-52) - 9050/13. Let z = 1159 + x. Let t = -168 + z. Is t a composite number?
True
Let c(d) = d**3 + 13*d**2 + 8*d + 7. Suppose -140*q + 145*q = -55. Is c(q) composite?
True
Let h(c) = 13840*c**2 + 41*c + 110. Is h(-3) a prime number?
False
Let k be (-40)/(-120)*(0 - 2)*-3. Let u(q) = 1645*q - 29. Is u(k) a prime number?
False
Suppose -u - 130 = 4*u. Let i(r) = 2*r + 36. Let n be i(u). Let j = 105 + n. Is j a prime number?
True
Suppose -4 = 2*r, -r = i + 4*r + 8. Suppose -3*m = -i*g + 8483, 4*g + 8489 = 6*g - 5*m. Is 